{"id":206,"date":"2014-09-17T20:25:21","date_gmt":"2014-09-17T18:25:21","guid":{"rendered":"http:\/\/bildzeuge.de\/?page_id=206"},"modified":"2014-11-10T19:19:28","modified_gmt":"2014-11-10T17:19:28","slug":"archiv","status":"publish","type":"page","link":"https:\/\/www.bildzeuge.de\/?page_id=206","title":{"rendered":"Archiv"},"content":{"rendered":"<p><i class=\"fa fa-calendar\"><span style=\"color: transparent; display: none;\">icon-calendar\u00a0<\/span><\/i>\u00a0 <span style=\"color: #a81e22;\"><strong>09.11.2014 &#8211; 25 Jahre Mauerfall:<\/strong><\/span><\/p>\n<p>Zwei Fotos, die 1987 in Ostberlin mit Mittelfomatkamera und 30mm-Superweitwinkel entstanden, weshalb so starke Verzeichnungen zum Rand hin auftreten. Ich war also extrem dicht an den Leuten dran, die ich fotografierte &#8230; und keiner hatte ein Problem damit.<\/p>\n<p>&nbsp;<\/p>\n<p><a href=\"https:\/\/www.bildzeuge.de\/wp-content\/uploads\/2014\/10\/140829-R-07-FB.jpg\" data-rel=\"lightbox-gallery-ipIPnuv4\" data-rl_title=\"\" data-rl_caption=\"\" title=\"\"><img loading=\"lazy\" decoding=\"async\" class=\"aligncenter size-full wp-image-405\" src=\"https:\/\/www.bildzeuge.de\/wp-content\/uploads\/2014\/10\/140829-R-07-FB.jpg\" alt=\"140829-R-07-FB\" width=\"680\" height=\"659\" srcset=\"https:\/\/www.bildzeuge.de\/wp-content\/uploads\/2014\/10\/140829-R-07-FB.jpg 680w, https:\/\/www.bildzeuge.de\/wp-content\/uploads\/2014\/10\/140829-R-07-FB-300x290.jpg 300w, https:\/\/www.bildzeuge.de\/wp-content\/uploads\/2014\/10\/140829-R-07-FB-600x581.jpg 600w\" sizes=\"auto, (max-width: 680px) 100vw, 680px\" \/><\/a><\/p>\n<p><a href=\"https:\/\/www.bildzeuge.de\/wp-content\/uploads\/2014\/10\/140829-R-13-FB.jpg\" data-rel=\"lightbox-gallery-ipIPnuv4\" data-rl_title=\"\" data-rl_caption=\"\" title=\"\"><img loading=\"lazy\" decoding=\"async\" class=\"aligncenter size-full wp-image-406\" src=\"https:\/\/www.bildzeuge.de\/wp-content\/uploads\/2014\/10\/140829-R-13-FB.jpg\" alt=\"140829-R-13-FB\" width=\"680\" height=\"654\" srcset=\"https:\/\/www.bildzeuge.de\/wp-content\/uploads\/2014\/10\/140829-R-13-FB.jpg 680w, https:\/\/www.bildzeuge.de\/wp-content\/uploads\/2014\/10\/140829-R-13-FB-300x288.jpg 300w, https:\/\/www.bildzeuge.de\/wp-content\/uploads\/2014\/10\/140829-R-13-FB-600x577.jpg 600w\" sizes=\"auto, (max-width: 680px) 100vw, 680px\" \/><\/a><\/p>\n","protected":false},"excerpt":{"rendered":"<p>icon-calendar\u00a0\u00a0 09.11.2014 &#8211; 25 Jahre Mauerfall: Zwei Fotos, die 1987 in Ostberlin mit Mittelfomatkamera und 30mm-Superweitwinkel entstanden, weshalb so starke Verzeichnungen zum Rand hin auftreten.&#46;&#46;&#46;<\/p>\n","protected":false},"author":4,"featured_media":0,"parent":0,"menu_order":0,"comment_status":"open","ping_status":"open","template":"page-templates\/child-menu.php","meta":{"jetpack_post_was_ever_published":false,"footnotes":""},"class_list":["post-206","page","type-page","status-publish","hentry"],"jetpack_sharing_enabled":true,"jetpack_shortlink":"https:\/\/wp.me\/P52wc6-3k","jetpack-related-posts":[{"id":322,"url":"https:\/\/www.bildzeuge.de\/?page_id=322","url_meta":{"origin":206,"position":0},"title":"IMPRESSUM","author":"Melchior","date":"17. Oktober 2014","format":false,"excerpt":"Gesetzliche Angaben zur Identifizierung des Anbieters: bildzeuge.de\u00a0 ist Teil von CASTELLI Fotografie Melchior Castelli Friedenstr. 4171540 Murrhardt Tel.: 0176\/ 44 44 00 73 USt-IdNr.: DE199319589 F\u00fcr den E-Mail-Kontakt benutzen Sie bitte das Formular und informieren sich zuvor mittels Datenschutzerkl\u00e4rung bez\u00fcglich Datenverwendung. Haftungshinweise: Trotz sorgf\u00e4ltiger inhaltlicher Kontrolle \u00fcbernehmen wir keine Haftung\u2026","rel":"","context":"\u00c4hnlicher Beitrag","block_context":{"text":"\u00c4hnlicher Beitrag","link":""},"img":{"alt_text":"","src":"","width":0,"height":0},"classes":[]}],"_links":{"self":[{"href":"https:\/\/www.bildzeuge.de\/index.php?rest_route=\/wp\/v2\/pages\/206","targetHints":{"allow":["GET"]}}],"collection":[{"href":"https:\/\/www.bildzeuge.de\/index.php?rest_route=\/wp\/v2\/pages"}],"about":[{"href":"https:\/\/www.bildzeuge.de\/index.php?rest_route=\/wp\/v2\/types\/page"}],"author":[{"embeddable":true,"href":"https:\/\/www.bildzeuge.de\/index.php?rest_route=\/wp\/v2\/users\/4"}],"replies":[{"embeddable":true,"href":"https:\/\/www.bildzeuge.de\/index.php?rest_route=%2Fwp%2Fv2%2Fcomments&post=206"}],"version-history":[{"count":0,"href":"https:\/\/www.bildzeuge.de\/index.php?rest_route=\/wp\/v2\/pages\/206\/revisions"}],"wp:attachment":[{"href":"https:\/\/www.bildzeuge.de\/index.php?rest_route=%2Fwp%2Fv2%2Fmedia&parent=206"}],"curies":[{"name":"wp","href":"https:\/\/api.w.org\/{rel}","templated":true}]}}

Gesetzliche Angaben zur Identifizierung des Anbieters: bildzeuge.de  ist Teil von CASTELLI Fotografie Melchior Castelli Friedenstr. 4171540 Murrhardt Tel.: 0176/ 44 44 00 73 USt-IdNr.: DE199319589 Für den E-Mail-Kontakt benutzen Sie bitte das Formular und informieren sich zuvor mittels Datenschutzerklärung bezüglich Datenverwendung. Haftungshinweise: Trotz sorgfältiger inhaltlicher Kontrolle übernehmen wir keine Haftung…

Ähnlicher Beitrag
