{"id":322,"date":"2014-10-17T14:44:49","date_gmt":"2014-10-17T12:44:49","guid":{"rendered":"http:\/\/bildzeuge.de\/?page_id=322"},"modified":"2018-05-25T12:14:03","modified_gmt":"2018-05-25T10:14:03","slug":"impressum","status":"publish","type":"page","link":"https:\/\/www.bildzeuge.de\/?page_id=322","title":{"rendered":"IMPRESSUM"},"content":{"rendered":"<h4>Gesetzliche Angaben zur Identifizierung des Anbieters:<\/h4>\n<p>bildzeuge.de\u00a0 ist Teil von<\/p>\n<p><span style=\"font-size: 14pt;\">CASTELLI Fotografie<\/span><br \/>\n<span style=\"font-size: 14pt;\"> Melchior Castelli<\/span><br \/>\n<span style=\"font-size: 14pt;\"> Schelmenhof 32<\/span><br \/>\n<span style=\"font-size: 14pt;\"> 87600 Kaufbeuren<\/span><\/p>\n<p><span style=\"font-size: 14pt;\">Tel.: 08341\/ 95 44 95<\/span><br \/>\n<span style=\"font-size: 14pt;\"> Fax: 08341\/ 99 500 51<br \/>\n<\/span><\/p>\n<p>USt-IdNr.: DE199319589<\/p>\n<p><span style=\"font-size: 12pt;\">F\u00fcr den E-Mail-Kontakt benutzen Sie bitte das <a title=\"Kontaktformular\" href=\"https:\/\/www.bildzeuge.de\/?page_id=325\">Formular<\/a> und informieren sich zuvor mittels <a title=\"Datenschutz\" href=\"https:\/\/www.bildzeuge.de\/?page_id=1549\">Datenschutzerkl\u00e4rung<\/a> bez\u00fcglich Datenverwendung.<\/span><\/p>\n<h4>Haftungshinweise:<span style=\"font-size: 14pt;\"><br \/>\n<\/span><\/h4>\n<p><span class=\"Stil27\">Trotz sorgf\u00e4ltiger inhaltlicher Kontrolle \u00fcbernehmen wir keine Haftung f\u00fcr die Inhalte und Gestaltung externer Links. F\u00fcr den Inhalt der verlinkten Seiten sind ausschlie\u00dflich deren Betreiber verantwortlich. Von nicht rechtm\u00e4\u00dfigen Ver\u00f6ffentlichungen und Darstellungen distanzieren sich der laut Impressum genannte Personenkreis, die Netzbetreiber und der HostProvider ausdr\u00fccklich.<\/span><\/p>\n<p><span class=\"Stil25\">Mit Urteil vom 12. Mai 1998 hat das Landgericht Hamburg entschieden, dass man durch die Ausbringung eines Hyperlinks bzw. Links die Inhalte der gelinkten Seite ggf. mit zu verantworten hat. Dies kann &#8211; so das Landgericht &#8211; nur dadurch verhindert werden, dass man sich ausdr\u00fccklich von diesen Inhalten distanziert.<\/span><\/p>\n<h4>Urheberrechtshinweise<\/h4>\n<p>S\u00e4mtliche Inhalte dieser Webseite, insbesondere Fotografien, Videos, Grafiken und Texte, sind urheberrechtlich gesch\u00fctzt. Das Urheberrecht liegt, wenn nicht anders\u00a0gekennzeichnet (z.B. mit Copyright), bei Melchior Castelli. Falls Sie Inhalte dieser Webseite verwenden m\u00f6chten, fragen Sie bitte z.B. mittels Kontaktformular bei mir nach. Wer gegen das Urheberrecht verst\u00f6\u00dft (kopiert, ausdruckt, selbst im Internet verwendet), macht sich gem. \u00a7 106 ff Urhebergesetz strafbar und muss mit hohen Strafzahlungen rechnen. Eine Verlinkung zu Social Network Media Plattformen ist davon ausgenommen, wenn der Link auf diese Seite weist.<\/p>\n","protected":false},"excerpt":{"rendered":"<p>Gesetzliche Angaben zur Identifizierung des Anbieters: bildzeuge.de\u00a0 ist Teil von CASTELLI Fotografie Melchior Castelli Schelmenhof 32 87600 Kaufbeuren Tel.: 08341\/ 95 44 95 Fax: 08341\/&#46;&#46;&#46;<\/p>\n","protected":false},"author":4,"featured_media":0,"parent":0,"menu_order":0,"comment_status":"closed","ping_status":"closed","template":"","meta":{"jetpack_post_was_ever_published":false,"footnotes":""},"class_list":["post-322","page","type-page","status-publish","hentry"],"jetpack_sharing_enabled":true,"jetpack_shortlink":"https:\/\/wp.me\/P52wc6-5c","jetpack-related-posts":[],"_links":{"self":[{"href":"https:\/\/www.bildzeuge.de\/index.php?rest_route=\/wp\/v2\/pages\/322","targetHints":{"allow":["GET"]}}],"collection":[{"href":"https:\/\/www.bildzeuge.de\/index.php?rest_route=\/wp\/v2\/pages"}],"about":[{"href":"https:\/\/www.bildzeuge.de\/index.php?rest_route=\/wp\/v2\/types\/page"}],"author":[{"embeddable":true,"href":"https:\/\/www.bildzeuge.de\/index.php?rest_route=\/wp\/v2\/users\/4"}],"replies":[{"embeddable":true,"href":"https:\/\/www.bildzeuge.de\/index.php?rest_route=%2Fwp%2Fv2%2Fcomments&post=322"}],"version-history":[{"count":6,"href":"https:\/\/www.bildzeuge.de\/index.php?rest_route=\/wp\/v2\/pages\/322\/revisions"}],"predecessor-version":[{"id":1592,"href":"https:\/\/www.bildzeuge.de\/index.php?rest_route=\/wp\/v2\/pages\/322\/revisions\/1592"}],"wp:attachment":[{"href":"https:\/\/www.bildzeuge.de\/index.php?rest_route=%2Fwp%2Fv2%2Fmedia&parent=322"}],"curies":[{"name":"wp","href":"https:\/\/api.w.org\/{rel}","templated":true}]}}