{"id":39,"date":"2014-09-02T16:13:17","date_gmt":"2014-09-02T14:13:17","guid":{"rendered":"http:\/\/wp.bildzeuge.de\/?page_id=39"},"modified":"2018-05-07T11:37:21","modified_gmt":"2018-05-07T09:37:21","slug":"unterseite-2","status":"publish","type":"page","link":"https:\/\/www.bildzeuge.de\/?page_id=39","title":{"rendered":"Biathlon"},"content":{"rendered":"<h3>Training im Biathlon-Zentrum Nesselwang<\/h3>\n<p>Seit vielen Jahren hat sich &#8211; nach anf\u00e4nglicher Gegenwehr im Ostallg\u00e4u &#8211; der Biathlonsport etabliert, das daf\u00fcr konzipierte Trainingsgel\u00e4nde bew\u00e4hrt und den Olympiasieger Michael Greis hervorgebracht, der von Trainer und ehemaligem Mitglied der Nationalmannschaft Manfred Rauscher entdeckt, trainiert und gef\u00f6rdert wurde.<\/p>\n<p>Nun ist die nachr\u00fcckende Jugend dort auf den Spuren des Erfolgs!<\/p>\n<p>&nbsp;<\/p>\n<p><img loading=\"lazy\" decoding=\"async\" class=\"alignnone wp-image-556 size-full\" title=\"Die Biathlon-Jungstars\" src=\"https:\/\/www.bildzeuge.de\/wp-content\/uploads\/2014\/Sport\/110206_R_141web.jpg\" alt=\"Die Biathlon-Jungstars\" width=\"1100\" height=\"731\" \/><\/p>\n<p>&nbsp;<\/p>\n<p><img loading=\"lazy\" decoding=\"async\" class=\"alignnone wp-image-564 size-full\" title=\"110206_R_72web\" src=\"https:\/\/www.bildzeuge.de\/wp-content\/uploads\/2014\/Sport\/110206_R_72web.jpg\" alt=\"Liegendschie\u00dfen\" width=\"1100\" height=\"731\" srcset=\"https:\/\/www.bildzeuge.de\/wp-content\/uploads\/2014\/Sport\/110206_R_72web.jpg 1100w, https:\/\/www.bildzeuge.de\/wp-content\/uploads\/2014\/Sport\/110206_R_72web-300x199.jpg 300w, https:\/\/www.bildzeuge.de\/wp-content\/uploads\/2014\/Sport\/110206_R_72web-600x398.jpg 600w\" sizes=\"auto, (max-width: 1100px) 100vw, 1100px\" \/><\/p>\n<p>&nbsp;<\/p>\n<p><img loading=\"lazy\" decoding=\"async\" class=\"alignnone wp-image-577 size-full\" title=\"Liegendschie\u00dfen: Tanja Wei\u00dfenbach\" src=\"https:\/\/www.bildzeuge.de\/wp-content\/uploads\/2014\/Sport\/110206_R_91web.jpg\" alt=\"Liegendschie\u00dfen: Tanja Wei\u00dfenbach\" width=\"1100\" height=\"731\" srcset=\"https:\/\/www.bildzeuge.de\/wp-content\/uploads\/2014\/Sport\/110206_R_91web.jpg 1100w, https:\/\/www.bildzeuge.de\/wp-content\/uploads\/2014\/Sport\/110206_R_91web-300x199.jpg 300w, https:\/\/www.bildzeuge.de\/wp-content\/uploads\/2014\/Sport\/110206_R_91web-600x398.jpg 600w\" sizes=\"auto, (max-width: 1100px) 100vw, 1100px\" \/><\/p>\n<p>&nbsp;<\/p>\n<p><img loading=\"lazy\" decoding=\"async\" class=\"alignnone wp-image-580 size-full\" title=\"Auf in die n\u00e4chste Runde!\" src=\"https:\/\/www.bildzeuge.de\/wp-content\/uploads\/2014\/Sport\/110206_R_292web.jpg\" alt=\"Auf in die n\u00e4chste Runde!\" width=\"1100\" height=\"731\" srcset=\"https:\/\/www.bildzeuge.de\/wp-content\/uploads\/2014\/Sport\/110206_R_292web.jpg 1100w, https:\/\/www.bildzeuge.de\/wp-content\/uploads\/2014\/Sport\/110206_R_292web-300x199.jpg 300w, https:\/\/www.bildzeuge.de\/wp-content\/uploads\/2014\/Sport\/110206_R_292web-600x398.jpg 600w\" sizes=\"auto, (max-width: 1100px) 100vw, 1100px\" \/><\/p>\n<p>&nbsp;<\/p>\n<p><img loading=\"lazy\" decoding=\"async\" class=\"alignnone wp-image-551 size-full\" title=\"Biathlontrainer Rauscher im Gespr\u00e4ch\" src=\"https:\/\/www.bildzeuge.de\/wp-content\/uploads\/2014\/Sport\/110130_R_10web.jpg\" alt=\"Biathlontrainer Rauscher im Gespr\u00e4ch\" width=\"1100\" height=\"734\" \/><\/p>\n<p>&nbsp;<\/p>\n<p><img loading=\"lazy\" decoding=\"async\" class=\"alignnone wp-image-575 size-full\" title=\"Liegendschie\u00dfen: Philipp Nawrath\" src=\"https:\/\/www.bildzeuge.de\/wp-content\/uploads\/2014\/Sport\/110204_R_18web.jpg\" alt=\"Philipp Nawrath\" width=\"1100\" height=\"731\" srcset=\"https:\/\/www.bildzeuge.de\/wp-content\/uploads\/2014\/Sport\/110204_R_18web.jpg 1100w, https:\/\/www.bildzeuge.de\/wp-content\/uploads\/2014\/Sport\/110204_R_18web-300x199.jpg 300w, https:\/\/www.bildzeuge.de\/wp-content\/uploads\/2014\/Sport\/110204_R_18web-600x398.jpg 600w\" sizes=\"auto, (max-width: 1100px) 100vw, 1100px\" \/><\/p>\n<p>&nbsp;<\/p>\n<p>Philipp Nawrath hat sich in der Saison 2014\/2015 f\u00fcr einen der vier Pl\u00e4tze des deutschen Herren-Teams zum IBU Cup qualifiziert, was im norwegischen Sosjoen durch seine guten Leistungen unterstrichen wurde.<\/p>\n<p>&nbsp;<\/p>\n<p><img loading=\"lazy\" decoding=\"async\" class=\"alignnone wp-image-571 size-full\" title=\"Philipp Nawrath beim Training\" src=\"https:\/\/www.bildzeuge.de\/wp-content\/uploads\/2014\/Sport\/110204_R_05web.jpg\" alt=\"Philipp Nawrath beim Training\" width=\"1100\" height=\"731\" srcset=\"https:\/\/www.bildzeuge.de\/wp-content\/uploads\/2014\/Sport\/110204_R_05web.jpg 1100w, https:\/\/www.bildzeuge.de\/wp-content\/uploads\/2014\/Sport\/110204_R_05web-300x199.jpg 300w, https:\/\/www.bildzeuge.de\/wp-content\/uploads\/2014\/Sport\/110204_R_05web-600x398.jpg 600w\" sizes=\"auto, (max-width: 1100px) 100vw, 1100px\" \/><\/p>\n<p>&nbsp;<\/p>\n<p><img loading=\"lazy\" decoding=\"async\" class=\"alignnone wp-image-578 size-full\" title=\"Philipp, Stefan und Tanja\" src=\"https:\/\/www.bildzeuge.de\/wp-content\/uploads\/2014\/Sport\/110206_R_116web.jpg\" alt=\"Philipp, Stefan und Tanja\" width=\"1100\" height=\"731\" srcset=\"https:\/\/www.bildzeuge.de\/wp-content\/uploads\/2014\/Sport\/110206_R_116web.jpg 1100w, https:\/\/www.bildzeuge.de\/wp-content\/uploads\/2014\/Sport\/110206_R_116web-300x199.jpg 300w, https:\/\/www.bildzeuge.de\/wp-content\/uploads\/2014\/Sport\/110206_R_116web-600x398.jpg 600w\" sizes=\"auto, (max-width: 1100px) 100vw, 1100px\" \/><\/p>\n<p>&nbsp;<\/p>\n<p><img loading=\"lazy\" decoding=\"async\" class=\"alignnone wp-image-576 size-full\" title=\"Tanja Wei\u00dfenbach &amp; Philipp Nawrath\" src=\"https:\/\/www.bildzeuge.de\/wp-content\/uploads\/2014\/Sport\/110206_R_07web.jpg\" alt=\"Tanja Wei\u00dfenbach &amp;amp; Philipp Nawrath\" width=\"1100\" height=\"731\" srcset=\"https:\/\/www.bildzeuge.de\/wp-content\/uploads\/2014\/Sport\/110206_R_07web.jpg 1100w, https:\/\/www.bildzeuge.de\/wp-content\/uploads\/2014\/Sport\/110206_R_07web-300x199.jpg 300w, https:\/\/www.bildzeuge.de\/wp-content\/uploads\/2014\/Sport\/110206_R_07web-600x398.jpg 600w\" sizes=\"auto, (max-width: 1100px) 100vw, 1100px\" \/><\/p>\n<p>&nbsp;<\/p>\n<p><img loading=\"lazy\" decoding=\"async\" class=\"alignnone wp-image-574 size-full\" title=\"Philipp beim Stehendschie\u00dfen\" src=\"https:\/\/www.bildzeuge.de\/wp-content\/uploads\/2014\/Sport\/110204_R_07web.jpg\" alt=\"Philipp beim Stehendschie\u00dfen\" width=\"1100\" height=\"731\" srcset=\"https:\/\/www.bildzeuge.de\/wp-content\/uploads\/2014\/Sport\/110204_R_07web.jpg 1100w, https:\/\/www.bildzeuge.de\/wp-content\/uploads\/2014\/Sport\/110204_R_07web-300x199.jpg 300w, https:\/\/www.bildzeuge.de\/wp-content\/uploads\/2014\/Sport\/110204_R_07web-600x398.jpg 600w\" sizes=\"auto, (max-width: 1100px) 100vw, 1100px\" \/><\/p>\n<p>&nbsp;<\/p>\n<p>&nbsp;<\/p>\n<p><img loading=\"lazy\" decoding=\"async\" class=\"alignnone wp-image-579 size-full\" title=\"Liegendschie\u00dfen: Stefan Greis\" src=\"https:\/\/www.bildzeuge.de\/wp-content\/uploads\/2014\/Sport\/110206_R_266web.jpg\" alt=\"Liegendschie\u00dfen: Stefan Greis\" width=\"1100\" height=\"731\" srcset=\"https:\/\/www.bildzeuge.de\/wp-content\/uploads\/2014\/Sport\/110206_R_266web.jpg 1100w, https:\/\/www.bildzeuge.de\/wp-content\/uploads\/2014\/Sport\/110206_R_266web-300x199.jpg 300w, https:\/\/www.bildzeuge.de\/wp-content\/uploads\/2014\/Sport\/110206_R_266web-600x398.jpg 600w\" sizes=\"auto, (max-width: 1100px) 100vw, 1100px\" \/><\/p>\n<p>&nbsp;<\/p>\n<p><img loading=\"lazy\" decoding=\"async\" class=\"alignnone wp-image-581 size-full\" title=\"Trainer Manfred Rauscher mit Stefan Greis\" src=\"https:\/\/www.bildzeuge.de\/wp-content\/uploads\/2014\/Sport\/110206_R_298web.jpg\" alt=\"Trainer Manfred Rauscher mit Stefan Greis\" width=\"1100\" height=\"731\" srcset=\"https:\/\/www.bildzeuge.de\/wp-content\/uploads\/2014\/Sport\/110206_R_298web.jpg 1100w, https:\/\/www.bildzeuge.de\/wp-content\/uploads\/2014\/Sport\/110206_R_298web-300x199.jpg 300w, https:\/\/www.bildzeuge.de\/wp-content\/uploads\/2014\/Sport\/110206_R_298web-600x398.jpg 600w\" sizes=\"auto, (max-width: 1100px) 100vw, 1100px\" \/><\/p>\n<p>&nbsp;<\/p>\n<p><img loading=\"lazy\" decoding=\"async\" class=\"alignnone wp-image-582 size-full\" title=\"Technik-Unterweisung vom Trainer\" src=\"https:\/\/www.bildzeuge.de\/wp-content\/uploads\/2014\/Sport\/110206_R_301web.jpg\" alt=\"Technik-Unterweisung vom Trainer\" width=\"1100\" height=\"731\" srcset=\"https:\/\/www.bildzeuge.de\/wp-content\/uploads\/2014\/Sport\/110206_R_301web.jpg 1100w, https:\/\/www.bildzeuge.de\/wp-content\/uploads\/2014\/Sport\/110206_R_301web-300x199.jpg 300w, https:\/\/www.bildzeuge.de\/wp-content\/uploads\/2014\/Sport\/110206_R_301web-600x398.jpg 600w\" sizes=\"auto, (max-width: 1100px) 100vw, 1100px\" \/><\/p>\n<p>&nbsp;<\/p>\n","protected":false},"excerpt":{"rendered":"<p>Training im Biathlon-Zentrum Nesselwang Seit vielen Jahren hat sich &#8211; nach anf\u00e4nglicher Gegenwehr im Ostallg\u00e4u &#8211; der Biathlonsport etabliert, das daf\u00fcr konzipierte Trainingsgel\u00e4nde bew\u00e4hrt und&#46;&#46;&#46;<\/p>\n","protected":false},"author":4,"featured_media":0,"parent":0,"menu_order":2,"comment_status":"open","ping_status":"open","template":"","meta":{"jetpack_post_was_ever_published":false,"footnotes":""},"class_list":["post-39","page","type-page","status-publish","hentry"],"jetpack_sharing_enabled":true,"jetpack_shortlink":"https:\/\/wp.me\/P52wc6-D","jetpack-related-posts":[],"_links":{"self":[{"href":"https:\/\/www.bildzeuge.de\/index.php?rest_route=\/wp\/v2\/pages\/39","targetHints":{"allow":["GET"]}}],"collection":[{"href":"https:\/\/www.bildzeuge.de\/index.php?rest_route=\/wp\/v2\/pages"}],"about":[{"href":"https:\/\/www.bildzeuge.de\/index.php?rest_route=\/wp\/v2\/types\/page"}],"author":[{"embeddable":true,"href":"https:\/\/www.bildzeuge.de\/index.php?rest_route=\/wp\/v2\/users\/4"}],"replies":[{"embeddable":true,"href":"https:\/\/www.bildzeuge.de\/index.php?rest_route=%2Fwp%2Fv2%2Fcomments&post=39"}],"version-history":[{"count":3,"href":"https:\/\/www.bildzeuge.de\/index.php?rest_route=\/wp\/v2\/pages\/39\/revisions"}],"predecessor-version":[{"id":1547,"href":"https:\/\/www.bildzeuge.de\/index.php?rest_route=\/wp\/v2\/pages\/39\/revisions\/1547"}],"wp:attachment":[{"href":"https:\/\/www.bildzeuge.de\/index.php?rest_route=%2Fwp%2Fv2%2Fmedia&parent=39"}],"curies":[{"name":"wp","href":"https:\/\/api.w.org\/{rel}","templated":true}]}}